{"id":15512,"date":"2025-06-25T12:01:45","date_gmt":"2025-06-25T10:01:46","guid":{"rendered":"https:\/\/paulrivera.it\/?post_type=product&#038;p=15512"},"modified":"2025-07-24T11:23:06","modified_gmt":"2025-07-24T09:23:06","slug":"senses-zmiekczajacy-balsam-tonizujacy","status":"publish","type":"product","link":"https:\/\/paulrivera.it\/pl\/prodotti\/koloryzacja\/senses-zmiekczajacy-balsam-tonizujacy\/","title":{"rendered":"SENSES &#8211; Zmi\u0119kczaj\u0105cy balsam tonizuj\u0105cy"},"content":{"rendered":"<div class=\"wpb-content-wrapper\"><p>[vc_row css=&#8221;.vc_custom_1582192829011{padding-top: 50px !important;}&#8221;][vc_column][vc_row_inner][vc_column_inner][vc_column_text]<\/p>\n<h1 style=\"text-align: center;\"><span style=\"font-weight: 400;\">Mo\u017cesz wypr\u00f3bowa\u0107 ten produkt z<\/span><\/h1>\n<p>[\/vc_column_text][\/vc_column_inner][\/vc_row_inner][vc_raw_html css=&#8221;&#8221;]JTVCd3BiLXByb2R1Y3Qtc2xpZGVyLXNob3J0Y29kZSUyMGlkJTNEJTIyMTU1MTUlMjIlNUQ=[\/vc_raw_html][\/vc_column][\/vc_row]<\/p>\n<\/div>","protected":false},"excerpt":{"rendered":"<p class=\"p1\"><b>Zmi\u0119kczaj\u0105cy tonik do sk\u00f3ry g\u0142owy z mieszank\u0105 olejk\u00f3w eterycznych. <\/b>Zapewnia uczucie \u015bwie\u017co\u015bci sk\u00f3ry g\u0142owy i pomaga zmniejszy\u0107 podra\u017cnienia spowodowane zabiegami chemicznymi (farbowanie i trwa\u0142a ondulacja). Do stosowania z <b>farbami Optica, Irida, Crystalia i Spherica. <\/b><\/p>\n<p class=\"p1\">Zastosowanie profesjonalne. Do u\u017cytku zewn\u0119trznego.<\/p>\n<p class=\"p1\">Format 50 ml<\/p>\n<p>&nbsp;<\/p>\n[maxbutton id=\"8\"]\n","protected":false},"featured_media":15624,"template":"","meta":[],"product_brand":[],"product_cat":[693],"product_tag":[],"class_list":{"0":"post-15512","1":"product","2":"type-product","3":"status-publish","4":"has-post-thumbnail","6":"product_cat-koloryzacja","7":"description-off","9":"first","10":"instock","11":"shipping-taxable","12":"product-type-simple"},"yoast_head":"<!-- This site is optimized with the Yoast SEO plugin v27.2 - https:\/\/yoast.com\/product\/yoast-seo-wordpress\/ -->\n<title>SENSES - Zmi\u0119kczaj\u0105cy balsam tonizuj\u0105cy<\/title>\n<meta name=\"description\" content=\"Zmi\u0119kczaj\u0105cy tonik do sk\u00f3ry g\u0142owy z mieszank\u0105 olejk\u00f3w eterycznych.\" \/>\n<meta name=\"robots\" content=\"index, follow, max-snippet:-1, max-image-preview:large, max-video-preview:-1\" \/>\n<link rel=\"canonical\" href=\"https:\/\/paulrivera.it\/pl\/prodotti\/koloryzacja\/senses-zmiekczajacy-balsam-tonizujacy\/\" \/>\n<meta property=\"og:locale\" content=\"pl_PL\" \/>\n<meta property=\"og:type\" content=\"article\" \/>\n<meta property=\"og:title\" content=\"SENSES - Zmi\u0119kczaj\u0105cy balsam tonizuj\u0105cy\" \/>\n<meta property=\"og:description\" content=\"Zmi\u0119kczaj\u0105cy tonik do sk\u00f3ry g\u0142owy z mieszank\u0105 olejk\u00f3w eterycznych.\" \/>\n<meta property=\"og:url\" content=\"https:\/\/paulrivera.it\/pl\/prodotti\/koloryzacja\/senses-zmiekczajacy-balsam-tonizujacy\/\" \/>\n<meta property=\"og:site_name\" content=\"Paul Rivera\" \/>\n<meta property=\"article:modified_time\" content=\"2025-07-24T09:23:06+00:00\" \/>\n<meta property=\"og:image\" content=\"https:\/\/paulrivera.it\/wp-content\/uploads\/2025\/07\/605351_paul_rivera_senses_50ml.png\" \/>\n\t<meta property=\"og:image:width\" content=\"800\" \/>\n\t<meta property=\"og:image:height\" content=\"800\" \/>\n\t<meta property=\"og:image:type\" content=\"image\/png\" \/>\n<meta name=\"twitter:card\" content=\"summary_large_image\" \/>\n<meta name=\"twitter:label1\" content=\"Est. reading time\" \/>\n\t<meta name=\"twitter:data1\" content=\"1 minute\" \/>\n<script type=\"application\/ld+json\" class=\"yoast-schema-graph\">{\"@context\":\"https:\/\/schema.org\",\"@graph\":[{\"@type\":\"WebPage\",\"@id\":\"https:\/\/paulrivera.it\/pl\/prodotti\/koloryzacja\/senses-zmiekczajacy-balsam-tonizujacy\/\",\"url\":\"https:\/\/paulrivera.it\/pl\/prodotti\/koloryzacja\/senses-zmiekczajacy-balsam-tonizujacy\/\",\"name\":\"SENSES - Zmi\u0119kczaj\u0105cy balsam tonizuj\u0105cy\",\"isPartOf\":{\"@id\":\"https:\/\/paulrivera.it\/pl\/#website\"},\"primaryImageOfPage\":{\"@id\":\"https:\/\/paulrivera.it\/pl\/prodotti\/koloryzacja\/senses-zmiekczajacy-balsam-tonizujacy\/#primaryimage\"},\"image\":{\"@id\":\"https:\/\/paulrivera.it\/pl\/prodotti\/koloryzacja\/senses-zmiekczajacy-balsam-tonizujacy\/#primaryimage\"},\"thumbnailUrl\":\"https:\/\/paulrivera.it\/wp-content\/uploads\/2025\/07\/605351_paul_rivera_senses_50ml.png\",\"datePublished\":\"2025-06-25T10:01:46+00:00\",\"dateModified\":\"2025-07-24T09:23:06+00:00\",\"description\":\"Zmi\u0119kczaj\u0105cy tonik do sk\u00f3ry g\u0142owy z mieszank\u0105 olejk\u00f3w eterycznych.\",\"breadcrumb\":{\"@id\":\"https:\/\/paulrivera.it\/pl\/prodotti\/koloryzacja\/senses-zmiekczajacy-balsam-tonizujacy\/#breadcrumb\"},\"inLanguage\":\"pl-PL\",\"potentialAction\":[{\"@type\":\"ReadAction\",\"target\":[\"https:\/\/paulrivera.it\/pl\/prodotti\/koloryzacja\/senses-zmiekczajacy-balsam-tonizujacy\/\"]}]},{\"@type\":\"ImageObject\",\"inLanguage\":\"pl-PL\",\"@id\":\"https:\/\/paulrivera.it\/pl\/prodotti\/koloryzacja\/senses-zmiekczajacy-balsam-tonizujacy\/#primaryimage\",\"url\":\"https:\/\/paulrivera.it\/wp-content\/uploads\/2025\/07\/605351_paul_rivera_senses_50ml.png\",\"contentUrl\":\"https:\/\/paulrivera.it\/wp-content\/uploads\/2025\/07\/605351_paul_rivera_senses_50ml.png\",\"width\":800,\"height\":800,\"caption\":\"Senses - Lozione tonica addolcente\"},{\"@type\":\"BreadcrumbList\",\"@id\":\"https:\/\/paulrivera.it\/pl\/prodotti\/koloryzacja\/senses-zmiekczajacy-balsam-tonizujacy\/#breadcrumb\",\"itemListElement\":[{\"@type\":\"ListItem\",\"position\":1,\"name\":\"Home\",\"item\":\"https:\/\/paulrivera.it\/pl\/\"},{\"@type\":\"ListItem\",\"position\":2,\"name\":\"Pagina shop\",\"item\":\"https:\/\/paulrivera.it\/prodotti\/\"},{\"@type\":\"ListItem\",\"position\":3,\"name\":\"SENSES &#8211; Zmi\u0119kczaj\u0105cy balsam tonizuj\u0105cy\"}]},{\"@type\":\"WebSite\",\"@id\":\"https:\/\/paulrivera.it\/pl\/#website\",\"url\":\"https:\/\/paulrivera.it\/pl\/\",\"name\":\"Paul Rivera\",\"description\":\"Hair Beauty Celebration\",\"publisher\":{\"@id\":\"https:\/\/paulrivera.it\/pl\/#organization\"},\"potentialAction\":[{\"@type\":\"SearchAction\",\"target\":{\"@type\":\"EntryPoint\",\"urlTemplate\":\"https:\/\/paulrivera.it\/pl\/?s={search_term_string}\"},\"query-input\":{\"@type\":\"PropertyValueSpecification\",\"valueRequired\":true,\"valueName\":\"search_term_string\"}}],\"inLanguage\":\"pl-PL\"},{\"@type\":\"Organization\",\"@id\":\"https:\/\/paulrivera.it\/pl\/#organization\",\"name\":\"Paul Rivera\",\"url\":\"https:\/\/paulrivera.it\/pl\/\",\"logo\":{\"@type\":\"ImageObject\",\"inLanguage\":\"pl-PL\",\"@id\":\"https:\/\/paulrivera.it\/pl\/#\/schema\/logo\/image\/\",\"url\":\"https:\/\/paulrivera.it\/wp-content\/uploads\/2020\/02\/paul_rivera_logo_header_x2.png\",\"contentUrl\":\"https:\/\/paulrivera.it\/wp-content\/uploads\/2020\/02\/paul_rivera_logo_header_x2.png\",\"width\":470,\"height\":60,\"caption\":\"Paul Rivera\"},\"image\":{\"@id\":\"https:\/\/paulrivera.it\/pl\/#\/schema\/logo\/image\/\"}}]}<\/script>\n<!-- \/ Yoast SEO plugin. -->","yoast_head_json":{"title":"SENSES - Zmi\u0119kczaj\u0105cy balsam tonizuj\u0105cy","description":"Zmi\u0119kczaj\u0105cy tonik do sk\u00f3ry g\u0142owy z mieszank\u0105 olejk\u00f3w eterycznych.","robots":{"index":"index","follow":"follow","max-snippet":"max-snippet:-1","max-image-preview":"max-image-preview:large","max-video-preview":"max-video-preview:-1"},"canonical":"https:\/\/paulrivera.it\/pl\/prodotti\/koloryzacja\/senses-zmiekczajacy-balsam-tonizujacy\/","og_locale":"pl_PL","og_type":"article","og_title":"SENSES - Zmi\u0119kczaj\u0105cy balsam tonizuj\u0105cy","og_description":"Zmi\u0119kczaj\u0105cy tonik do sk\u00f3ry g\u0142owy z mieszank\u0105 olejk\u00f3w eterycznych.","og_url":"https:\/\/paulrivera.it\/pl\/prodotti\/koloryzacja\/senses-zmiekczajacy-balsam-tonizujacy\/","og_site_name":"Paul Rivera","article_modified_time":"2025-07-24T09:23:06+00:00","og_image":[{"width":800,"height":800,"url":"https:\/\/paulrivera.it\/wp-content\/uploads\/2025\/07\/605351_paul_rivera_senses_50ml.png","type":"image\/png"}],"twitter_card":"summary_large_image","twitter_misc":{"Est. reading time":"1 minute"},"schema":{"@context":"https:\/\/schema.org","@graph":[{"@type":"WebPage","@id":"https:\/\/paulrivera.it\/pl\/prodotti\/koloryzacja\/senses-zmiekczajacy-balsam-tonizujacy\/","url":"https:\/\/paulrivera.it\/pl\/prodotti\/koloryzacja\/senses-zmiekczajacy-balsam-tonizujacy\/","name":"SENSES - Zmi\u0119kczaj\u0105cy balsam tonizuj\u0105cy","isPartOf":{"@id":"https:\/\/paulrivera.it\/pl\/#website"},"primaryImageOfPage":{"@id":"https:\/\/paulrivera.it\/pl\/prodotti\/koloryzacja\/senses-zmiekczajacy-balsam-tonizujacy\/#primaryimage"},"image":{"@id":"https:\/\/paulrivera.it\/pl\/prodotti\/koloryzacja\/senses-zmiekczajacy-balsam-tonizujacy\/#primaryimage"},"thumbnailUrl":"https:\/\/paulrivera.it\/wp-content\/uploads\/2025\/07\/605351_paul_rivera_senses_50ml.png","datePublished":"2025-06-25T10:01:46+00:00","dateModified":"2025-07-24T09:23:06+00:00","description":"Zmi\u0119kczaj\u0105cy tonik do sk\u00f3ry g\u0142owy z mieszank\u0105 olejk\u00f3w eterycznych.","breadcrumb":{"@id":"https:\/\/paulrivera.it\/pl\/prodotti\/koloryzacja\/senses-zmiekczajacy-balsam-tonizujacy\/#breadcrumb"},"inLanguage":"pl-PL","potentialAction":[{"@type":"ReadAction","target":["https:\/\/paulrivera.it\/pl\/prodotti\/koloryzacja\/senses-zmiekczajacy-balsam-tonizujacy\/"]}]},{"@type":"ImageObject","inLanguage":"pl-PL","@id":"https:\/\/paulrivera.it\/pl\/prodotti\/koloryzacja\/senses-zmiekczajacy-balsam-tonizujacy\/#primaryimage","url":"https:\/\/paulrivera.it\/wp-content\/uploads\/2025\/07\/605351_paul_rivera_senses_50ml.png","contentUrl":"https:\/\/paulrivera.it\/wp-content\/uploads\/2025\/07\/605351_paul_rivera_senses_50ml.png","width":800,"height":800,"caption":"Senses - Lozione tonica addolcente"},{"@type":"BreadcrumbList","@id":"https:\/\/paulrivera.it\/pl\/prodotti\/koloryzacja\/senses-zmiekczajacy-balsam-tonizujacy\/#breadcrumb","itemListElement":[{"@type":"ListItem","position":1,"name":"Home","item":"https:\/\/paulrivera.it\/pl\/"},{"@type":"ListItem","position":2,"name":"Pagina shop","item":"https:\/\/paulrivera.it\/prodotti\/"},{"@type":"ListItem","position":3,"name":"SENSES &#8211; Zmi\u0119kczaj\u0105cy balsam tonizuj\u0105cy"}]},{"@type":"WebSite","@id":"https:\/\/paulrivera.it\/pl\/#website","url":"https:\/\/paulrivera.it\/pl\/","name":"Paul Rivera","description":"Hair Beauty Celebration","publisher":{"@id":"https:\/\/paulrivera.it\/pl\/#organization"},"potentialAction":[{"@type":"SearchAction","target":{"@type":"EntryPoint","urlTemplate":"https:\/\/paulrivera.it\/pl\/?s={search_term_string}"},"query-input":{"@type":"PropertyValueSpecification","valueRequired":true,"valueName":"search_term_string"}}],"inLanguage":"pl-PL"},{"@type":"Organization","@id":"https:\/\/paulrivera.it\/pl\/#organization","name":"Paul Rivera","url":"https:\/\/paulrivera.it\/pl\/","logo":{"@type":"ImageObject","inLanguage":"pl-PL","@id":"https:\/\/paulrivera.it\/pl\/#\/schema\/logo\/image\/","url":"https:\/\/paulrivera.it\/wp-content\/uploads\/2020\/02\/paul_rivera_logo_header_x2.png","contentUrl":"https:\/\/paulrivera.it\/wp-content\/uploads\/2020\/02\/paul_rivera_logo_header_x2.png","width":470,"height":60,"caption":"Paul Rivera"},"image":{"@id":"https:\/\/paulrivera.it\/pl\/#\/schema\/logo\/image\/"}}]}},"_links":{"self":[{"href":"https:\/\/paulrivera.it\/pl\/wp-json\/wp\/v2\/product\/15512","targetHints":{"allow":["GET"]}}],"collection":[{"href":"https:\/\/paulrivera.it\/pl\/wp-json\/wp\/v2\/product"}],"about":[{"href":"https:\/\/paulrivera.it\/pl\/wp-json\/wp\/v2\/types\/product"}],"wp:featuredmedia":[{"embeddable":true,"href":"https:\/\/paulrivera.it\/pl\/wp-json\/wp\/v2\/media\/15624"}],"wp:attachment":[{"href":"https:\/\/paulrivera.it\/pl\/wp-json\/wp\/v2\/media?parent=15512"}],"wp:term":[{"taxonomy":"product_brand","embeddable":true,"href":"https:\/\/paulrivera.it\/pl\/wp-json\/wp\/v2\/product_brand?post=15512"},{"taxonomy":"product_cat","embeddable":true,"href":"https:\/\/paulrivera.it\/pl\/wp-json\/wp\/v2\/product_cat?post=15512"},{"taxonomy":"product_tag","embeddable":true,"href":"https:\/\/paulrivera.it\/pl\/wp-json\/wp\/v2\/product_tag?post=15512"}],"curies":[{"name":"wp","href":"https:\/\/api.w.org\/{rel}","templated":true}]}}

SENSES &#8211; Zmiękczający balsam tonizujący

<div class="wpb-content-wrapper"><p>[vc_row css=&#8221;.vc_custom_1582192829011{padding-top: 50px !important;}&#8221;][vc_column][vc_row_inner][vc_column_inner][vc_column_text]</p>
<h1 style="text-align: center;"><span style="font-weight: 400;">Możesz wypróbować ten produkt z</span></h1>
<p>[/vc_column_text][/vc_column_inner][/vc_row_inner][vc_raw_html css=&#8221;&#8221;]JTVCd3BiLXByb2R1Y3Qtc2xpZGVyLXNob3J0Y29kZSUyMGlkJTNEJTIyMTU1MTUlMjIlNUQ=[/vc_raw_html][/vc_column][/vc_row]</p>
</div>

<p class="p1"><b>Zmiękczający tonik do skóry głowy z mieszanką olejków eterycznych. </b>Zapewnia uczucie świeżości skóry głowy i pomaga zmniejszyć podrażnienia spowodowane zabiegami chemicznymi (farbowanie i trwała ondulacja). Do stosowania z <b>farbami Optica, Irida, Crystalia i Spherica. </b></p>
<p class="p1">Zastosowanie profesjonalne. Do użytku zewnętrznego.</p>
<p class="p1">Format 50 ml</p>
<p>&nbsp;</p>
[maxbutton id="8"]

<!-- This site is optimized with the Yoast SEO plugin v27.2 - https://yoast.com/product/yoast-seo-wordpress/ -->
<title>SENSES - Zmiękczający balsam tonizujący</title>
<meta name="description" content="Zmiękczający tonik do skóry głowy z mieszanką olejków eterycznych." />
<meta name="robots" content="index, follow, max-snippet:-1, max-image-preview:large, max-video-preview:-1" />
<link rel="canonical" href="https://paulrivera.it/pl/prodotti/koloryzacja/senses-zmiekczajacy-balsam-tonizujacy/" />
<meta property="og:locale" content="pl_PL" />
<meta property="og:type" content="article" />
<meta property="og:title" content="SENSES - Zmiękczający balsam tonizujący" />
<meta property="og:description" content="Zmiękczający tonik do skóry głowy z mieszanką olejków eterycznych." />
<meta property="og:url" content="https://paulrivera.it/pl/prodotti/koloryzacja/senses-zmiekczajacy-balsam-tonizujacy/" />
<meta property="og:site_name" content="Paul Rivera" />
<meta property="article:modified_time" content="2025-07-24T09:23:06+00:00" />
<meta property="og:image" content="https://paulrivera.it/wp-content/uploads/2025/07/605351_paul_rivera_senses_50ml.png" />
	<meta property="og:image:width" content="800" />
	<meta property="og:image:height" content="800" />
	<meta property="og:image:type" content="image/png" />
<meta name="twitter:card" content="summary_large_image" />
<meta name="twitter:label1" content="Est. reading time" />
	<meta name="twitter:data1" content="1 minute" />
<script type="application/ld+json" class="yoast-schema-graph">{"@context":"https://schema.org","@graph":[{"@type":"WebPage","@id":"https://paulrivera.it/pl/prodotti/koloryzacja/senses-zmiekczajacy-balsam-tonizujacy/","url":"https://paulrivera.it/pl/prodotti/koloryzacja/senses-zmiekczajacy-balsam-tonizujacy/","name":"SENSES - Zmiękczający balsam tonizujący","isPartOf":{"@id":"https://paulrivera.it/pl/#website"},"primaryImageOfPage":{"@id":"https://paulrivera.it/pl/prodotti/koloryzacja/senses-zmiekczajacy-balsam-tonizujacy/#primaryimage"},"image":{"@id":"https://paulrivera.it/pl/prodotti/koloryzacja/senses-zmiekczajacy-balsam-tonizujacy/#primaryimage"},"thumbnailUrl":"https://paulrivera.it/wp-content/uploads/2025/07/605351_paul_rivera_senses_50ml.png","datePublished":"2025-06-25T10:01:46+00:00","dateModified":"2025-07-24T09:23:06+00:00","description":"Zmiękczający tonik do skóry głowy z mieszanką olejków eterycznych.","breadcrumb":{"@id":"https://paulrivera.it/pl/prodotti/koloryzacja/senses-zmiekczajacy-balsam-tonizujacy/#breadcrumb"},"inLanguage":"pl-PL","potentialAction":[{"@type":"ReadAction","target":["https://paulrivera.it/pl/prodotti/koloryzacja/senses-zmiekczajacy-balsam-tonizujacy/"]}]},{"@type":"ImageObject","inLanguage":"pl-PL","@id":"https://paulrivera.it/pl/prodotti/koloryzacja/senses-zmiekczajacy-balsam-tonizujacy/#primaryimage","url":"https://paulrivera.it/wp-content/uploads/2025/07/605351_paul_rivera_senses_50ml.png","contentUrl":"https://paulrivera.it/wp-content/uploads/2025/07/605351_paul_rivera_senses_50ml.png","width":800,"height":800,"caption":"Senses - Lozione tonica addolcente"},{"@type":"BreadcrumbList","@id":"https://paulrivera.it/pl/prodotti/koloryzacja/senses-zmiekczajacy-balsam-tonizujacy/#breadcrumb","itemListElement":[{"@type":"ListItem","position":1,"name":"Home","item":"https://paulrivera.it/pl/"},{"@type":"ListItem","position":2,"name":"Pagina shop","item":"https://paulrivera.it/prodotti/"},{"@type":"ListItem","position":3,"name":"SENSES &#8211; Zmiękczający balsam tonizujący"}]},{"@type":"WebSite","@id":"https://paulrivera.it/pl/#website","url":"https://paulrivera.it/pl/","name":"Paul Rivera","description":"Hair Beauty Celebration","publisher":{"@id":"https://paulrivera.it/pl/#organization"},"potentialAction":[{"@type":"SearchAction","target":{"@type":"EntryPoint","urlTemplate":"https://paulrivera.it/pl/?s={search_term_string}"},"query-input":{"@type":"PropertyValueSpecification","valueRequired":true,"valueName":"search_term_string"}}],"inLanguage":"pl-PL"},{"@type":"Organization","@id":"https://paulrivera.it/pl/#organization","name":"Paul Rivera","url":"https://paulrivera.it/pl/","logo":{"@type":"ImageObject","inLanguage":"pl-PL","@id":"https://paulrivera.it/pl/#/schema/logo/image/","url":"https://paulrivera.it/wp-content/uploads/2020/02/paul_rivera_logo_header_x2.png","contentUrl":"https://paulrivera.it/wp-content/uploads/2020/02/paul_rivera_logo_header_x2.png","width":470,"height":60,"caption":"Paul Rivera"},"image":{"@id":"https://paulrivera.it/pl/#/schema/logo/image/"}}]}</script>
<!-- / Yoast SEO plugin. -->

SENSES - Zmiękczający balsam tonizujący

Zmiękczający tonik do skóry głowy z mieszanką olejków eterycznych.
