{"id":15513,"date":"2025-06-25T12:01:45","date_gmt":"2025-06-25T10:01:47","guid":{"rendered":"https:\/\/paulrivera.it\/?post_type=product&#038;p=15513"},"modified":"2025-07-24T11:23:19","modified_gmt":"2025-07-24T09:23:19","slug":"senses-locao-tonica-suavizante","status":"publish","type":"product","link":"https:\/\/paulrivera.it\/pt-pt\/prodotti\/coloracao\/senses-locao-tonica-suavizante\/","title":{"rendered":"SENSES &#8211; Lo\u00e7\u00e3o t\u00f3nica suavizante"},"content":{"rendered":"<div class=\"wpb-content-wrapper\"><p>[vc_row css=&#8221;.vc_custom_1582192829011{padding-top: 50px !important;}&#8221;][vc_column][vc_row_inner][vc_column_inner][vc_column_text]<\/p>\n<h1 style=\"text-align: center;\">Produtos relacionados<\/h1>\n<p>[\/vc_column_text][\/vc_column_inner][\/vc_row_inner][vc_raw_html css=&#8221;&#8221;]JTVCd3BiLXByb2R1Y3Qtc2xpZGVyLXNob3J0Y29kZSUyMGlkJTNEJTIyMTU1MTUlMjIlNUQ=[\/vc_raw_html][\/vc_column][\/vc_row]<\/p>\n<\/div>","protected":false},"excerpt":{"rendered":"<p class=\"p1\"><b>Lo\u00e7\u00e3o t\u00f3nica suavizante, com mistura de \u00f3leos essenciais, para o couro cabeludo. <\/b>D\u00e1 uma sensa\u00e7\u00e3o de frescura ao couro cabeludo e ajuda a reduzir a irrita\u00e7\u00e3o causada pelos tratamentos qu\u00edmicos (colora\u00e7\u00f5es e permanentes). Para utilizar com as <b>colora\u00e7\u00f5es Optica, Irida, Crystalia e Spherica. <\/b><\/p>\n<p class=\"p1\">Utiliza\u00e7\u00e3o profissional. Uso externo.<\/p>\n<p class=\"p1\">Formato 50 ml<\/p>\n<p>&nbsp;<\/p>\n[maxbutton id=\"6\"]\n","protected":false},"featured_media":15625,"template":"","meta":[],"product_brand":[],"product_cat":[361],"product_tag":[],"class_list":{"0":"post-15513","1":"product","2":"type-product","3":"status-publish","4":"has-post-thumbnail","6":"product_cat-coloracao","7":"description-off","9":"first","10":"instock","11":"shipping-taxable","12":"product-type-simple"},"yoast_head":"<!-- This site is optimized with the Yoast SEO plugin v27.2 - https:\/\/yoast.com\/product\/yoast-seo-wordpress\/ -->\n<title>SENSES - Lo\u00e7\u00e3o t\u00f3nica suavizante<\/title>\n<meta name=\"description\" content=\"Lo\u00e7\u00e3o t\u00f3nica suavizante, com mistura de \u00f3leos essenciais, para o couro cabeludo.\" \/>\n<meta name=\"robots\" content=\"index, follow, max-snippet:-1, max-image-preview:large, max-video-preview:-1\" \/>\n<link rel=\"canonical\" href=\"https:\/\/paulrivera.it\/pt-pt\/prodotti\/coloracao\/senses-locao-tonica-suavizante\/\" \/>\n<meta property=\"og:locale\" content=\"pt_PT\" \/>\n<meta property=\"og:type\" content=\"article\" \/>\n<meta property=\"og:title\" content=\"SENSES - Lo\u00e7\u00e3o t\u00f3nica suavizante\" \/>\n<meta property=\"og:description\" content=\"Lo\u00e7\u00e3o t\u00f3nica suavizante, com mistura de \u00f3leos essenciais, para o couro cabeludo.\" \/>\n<meta property=\"og:url\" content=\"https:\/\/paulrivera.it\/pt-pt\/prodotti\/coloracao\/senses-locao-tonica-suavizante\/\" \/>\n<meta property=\"og:site_name\" content=\"Paul Rivera\" \/>\n<meta property=\"article:modified_time\" content=\"2025-07-24T09:23:19+00:00\" \/>\n<meta property=\"og:image\" content=\"https:\/\/paulrivera.it\/wp-content\/uploads\/2025\/07\/605351_paul_rivera_senses_50ml.png\" \/>\n\t<meta property=\"og:image:width\" content=\"800\" \/>\n\t<meta property=\"og:image:height\" content=\"800\" \/>\n\t<meta property=\"og:image:type\" content=\"image\/png\" \/>\n<meta name=\"twitter:card\" content=\"summary_large_image\" \/>\n<meta name=\"twitter:label1\" content=\"Est. reading time\" \/>\n\t<meta name=\"twitter:data1\" content=\"1 minute\" \/>\n<script type=\"application\/ld+json\" class=\"yoast-schema-graph\">{\"@context\":\"https:\/\/schema.org\",\"@graph\":[{\"@type\":\"WebPage\",\"@id\":\"https:\/\/paulrivera.it\/pt-pt\/prodotti\/coloracao\/senses-locao-tonica-suavizante\/\",\"url\":\"https:\/\/paulrivera.it\/pt-pt\/prodotti\/coloracao\/senses-locao-tonica-suavizante\/\",\"name\":\"SENSES - Lo\u00e7\u00e3o t\u00f3nica suavizante\",\"isPartOf\":{\"@id\":\"https:\/\/paulrivera.it\/pt-pt\/#website\"},\"primaryImageOfPage\":{\"@id\":\"https:\/\/paulrivera.it\/pt-pt\/prodotti\/coloracao\/senses-locao-tonica-suavizante\/#primaryimage\"},\"image\":{\"@id\":\"https:\/\/paulrivera.it\/pt-pt\/prodotti\/coloracao\/senses-locao-tonica-suavizante\/#primaryimage\"},\"thumbnailUrl\":\"https:\/\/paulrivera.it\/wp-content\/uploads\/2025\/07\/605351_paul_rivera_senses_50ml.png\",\"datePublished\":\"2025-06-25T10:01:47+00:00\",\"dateModified\":\"2025-07-24T09:23:19+00:00\",\"description\":\"Lo\u00e7\u00e3o t\u00f3nica suavizante, com mistura de \u00f3leos essenciais, para o couro cabeludo.\",\"breadcrumb\":{\"@id\":\"https:\/\/paulrivera.it\/pt-pt\/prodotti\/coloracao\/senses-locao-tonica-suavizante\/#breadcrumb\"},\"inLanguage\":\"pt-PT\",\"potentialAction\":[{\"@type\":\"ReadAction\",\"target\":[\"https:\/\/paulrivera.it\/pt-pt\/prodotti\/coloracao\/senses-locao-tonica-suavizante\/\"]}]},{\"@type\":\"ImageObject\",\"inLanguage\":\"pt-PT\",\"@id\":\"https:\/\/paulrivera.it\/pt-pt\/prodotti\/coloracao\/senses-locao-tonica-suavizante\/#primaryimage\",\"url\":\"https:\/\/paulrivera.it\/wp-content\/uploads\/2025\/07\/605351_paul_rivera_senses_50ml.png\",\"contentUrl\":\"https:\/\/paulrivera.it\/wp-content\/uploads\/2025\/07\/605351_paul_rivera_senses_50ml.png\",\"width\":800,\"height\":800,\"caption\":\"Senses - Lozione tonica addolcente\"},{\"@type\":\"BreadcrumbList\",\"@id\":\"https:\/\/paulrivera.it\/pt-pt\/prodotti\/coloracao\/senses-locao-tonica-suavizante\/#breadcrumb\",\"itemListElement\":[{\"@type\":\"ListItem\",\"position\":1,\"name\":\"Home\",\"item\":\"https:\/\/paulrivera.it\/pt-pt\/\"},{\"@type\":\"ListItem\",\"position\":2,\"name\":\"Pagina shop\",\"item\":\"https:\/\/paulrivera.it\/prodotti\/\"},{\"@type\":\"ListItem\",\"position\":3,\"name\":\"SENSES &#8211; Lo\u00e7\u00e3o t\u00f3nica suavizante\"}]},{\"@type\":\"WebSite\",\"@id\":\"https:\/\/paulrivera.it\/pt-pt\/#website\",\"url\":\"https:\/\/paulrivera.it\/pt-pt\/\",\"name\":\"Paul Rivera\",\"description\":\"Hair Beauty Celebration\",\"publisher\":{\"@id\":\"https:\/\/paulrivera.it\/pt-pt\/#organization\"},\"potentialAction\":[{\"@type\":\"SearchAction\",\"target\":{\"@type\":\"EntryPoint\",\"urlTemplate\":\"https:\/\/paulrivera.it\/pt-pt\/?s={search_term_string}\"},\"query-input\":{\"@type\":\"PropertyValueSpecification\",\"valueRequired\":true,\"valueName\":\"search_term_string\"}}],\"inLanguage\":\"pt-PT\"},{\"@type\":\"Organization\",\"@id\":\"https:\/\/paulrivera.it\/pt-pt\/#organization\",\"name\":\"Paul Rivera\",\"url\":\"https:\/\/paulrivera.it\/pt-pt\/\",\"logo\":{\"@type\":\"ImageObject\",\"inLanguage\":\"pt-PT\",\"@id\":\"https:\/\/paulrivera.it\/pt-pt\/#\/schema\/logo\/image\/\",\"url\":\"https:\/\/paulrivera.it\/wp-content\/uploads\/2020\/02\/paul_rivera_logo_header_x2.png\",\"contentUrl\":\"https:\/\/paulrivera.it\/wp-content\/uploads\/2020\/02\/paul_rivera_logo_header_x2.png\",\"width\":470,\"height\":60,\"caption\":\"Paul Rivera\"},\"image\":{\"@id\":\"https:\/\/paulrivera.it\/pt-pt\/#\/schema\/logo\/image\/\"}}]}<\/script>\n<!-- \/ Yoast SEO plugin. -->","yoast_head_json":{"title":"SENSES - Lo\u00e7\u00e3o t\u00f3nica suavizante","description":"Lo\u00e7\u00e3o t\u00f3nica suavizante, com mistura de \u00f3leos essenciais, para o couro cabeludo.","robots":{"index":"index","follow":"follow","max-snippet":"max-snippet:-1","max-image-preview":"max-image-preview:large","max-video-preview":"max-video-preview:-1"},"canonical":"https:\/\/paulrivera.it\/pt-pt\/prodotti\/coloracao\/senses-locao-tonica-suavizante\/","og_locale":"pt_PT","og_type":"article","og_title":"SENSES - Lo\u00e7\u00e3o t\u00f3nica suavizante","og_description":"Lo\u00e7\u00e3o t\u00f3nica suavizante, com mistura de \u00f3leos essenciais, para o couro cabeludo.","og_url":"https:\/\/paulrivera.it\/pt-pt\/prodotti\/coloracao\/senses-locao-tonica-suavizante\/","og_site_name":"Paul Rivera","article_modified_time":"2025-07-24T09:23:19+00:00","og_image":[{"width":800,"height":800,"url":"https:\/\/paulrivera.it\/wp-content\/uploads\/2025\/07\/605351_paul_rivera_senses_50ml.png","type":"image\/png"}],"twitter_card":"summary_large_image","twitter_misc":{"Est. reading time":"1 minute"},"schema":{"@context":"https:\/\/schema.org","@graph":[{"@type":"WebPage","@id":"https:\/\/paulrivera.it\/pt-pt\/prodotti\/coloracao\/senses-locao-tonica-suavizante\/","url":"https:\/\/paulrivera.it\/pt-pt\/prodotti\/coloracao\/senses-locao-tonica-suavizante\/","name":"SENSES - Lo\u00e7\u00e3o t\u00f3nica suavizante","isPartOf":{"@id":"https:\/\/paulrivera.it\/pt-pt\/#website"},"primaryImageOfPage":{"@id":"https:\/\/paulrivera.it\/pt-pt\/prodotti\/coloracao\/senses-locao-tonica-suavizante\/#primaryimage"},"image":{"@id":"https:\/\/paulrivera.it\/pt-pt\/prodotti\/coloracao\/senses-locao-tonica-suavizante\/#primaryimage"},"thumbnailUrl":"https:\/\/paulrivera.it\/wp-content\/uploads\/2025\/07\/605351_paul_rivera_senses_50ml.png","datePublished":"2025-06-25T10:01:47+00:00","dateModified":"2025-07-24T09:23:19+00:00","description":"Lo\u00e7\u00e3o t\u00f3nica suavizante, com mistura de \u00f3leos essenciais, para o couro cabeludo.","breadcrumb":{"@id":"https:\/\/paulrivera.it\/pt-pt\/prodotti\/coloracao\/senses-locao-tonica-suavizante\/#breadcrumb"},"inLanguage":"pt-PT","potentialAction":[{"@type":"ReadAction","target":["https:\/\/paulrivera.it\/pt-pt\/prodotti\/coloracao\/senses-locao-tonica-suavizante\/"]}]},{"@type":"ImageObject","inLanguage":"pt-PT","@id":"https:\/\/paulrivera.it\/pt-pt\/prodotti\/coloracao\/senses-locao-tonica-suavizante\/#primaryimage","url":"https:\/\/paulrivera.it\/wp-content\/uploads\/2025\/07\/605351_paul_rivera_senses_50ml.png","contentUrl":"https:\/\/paulrivera.it\/wp-content\/uploads\/2025\/07\/605351_paul_rivera_senses_50ml.png","width":800,"height":800,"caption":"Senses - Lozione tonica addolcente"},{"@type":"BreadcrumbList","@id":"https:\/\/paulrivera.it\/pt-pt\/prodotti\/coloracao\/senses-locao-tonica-suavizante\/#breadcrumb","itemListElement":[{"@type":"ListItem","position":1,"name":"Home","item":"https:\/\/paulrivera.it\/pt-pt\/"},{"@type":"ListItem","position":2,"name":"Pagina shop","item":"https:\/\/paulrivera.it\/prodotti\/"},{"@type":"ListItem","position":3,"name":"SENSES &#8211; Lo\u00e7\u00e3o t\u00f3nica suavizante"}]},{"@type":"WebSite","@id":"https:\/\/paulrivera.it\/pt-pt\/#website","url":"https:\/\/paulrivera.it\/pt-pt\/","name":"Paul Rivera","description":"Hair Beauty Celebration","publisher":{"@id":"https:\/\/paulrivera.it\/pt-pt\/#organization"},"potentialAction":[{"@type":"SearchAction","target":{"@type":"EntryPoint","urlTemplate":"https:\/\/paulrivera.it\/pt-pt\/?s={search_term_string}"},"query-input":{"@type":"PropertyValueSpecification","valueRequired":true,"valueName":"search_term_string"}}],"inLanguage":"pt-PT"},{"@type":"Organization","@id":"https:\/\/paulrivera.it\/pt-pt\/#organization","name":"Paul Rivera","url":"https:\/\/paulrivera.it\/pt-pt\/","logo":{"@type":"ImageObject","inLanguage":"pt-PT","@id":"https:\/\/paulrivera.it\/pt-pt\/#\/schema\/logo\/image\/","url":"https:\/\/paulrivera.it\/wp-content\/uploads\/2020\/02\/paul_rivera_logo_header_x2.png","contentUrl":"https:\/\/paulrivera.it\/wp-content\/uploads\/2020\/02\/paul_rivera_logo_header_x2.png","width":470,"height":60,"caption":"Paul Rivera"},"image":{"@id":"https:\/\/paulrivera.it\/pt-pt\/#\/schema\/logo\/image\/"}}]}},"_links":{"self":[{"href":"https:\/\/paulrivera.it\/pt-pt\/wp-json\/wp\/v2\/product\/15513","targetHints":{"allow":["GET"]}}],"collection":[{"href":"https:\/\/paulrivera.it\/pt-pt\/wp-json\/wp\/v2\/product"}],"about":[{"href":"https:\/\/paulrivera.it\/pt-pt\/wp-json\/wp\/v2\/types\/product"}],"wp:featuredmedia":[{"embeddable":true,"href":"https:\/\/paulrivera.it\/pt-pt\/wp-json\/wp\/v2\/media\/15625"}],"wp:attachment":[{"href":"https:\/\/paulrivera.it\/pt-pt\/wp-json\/wp\/v2\/media?parent=15513"}],"wp:term":[{"taxonomy":"product_brand","embeddable":true,"href":"https:\/\/paulrivera.it\/pt-pt\/wp-json\/wp\/v2\/product_brand?post=15513"},{"taxonomy":"product_cat","embeddable":true,"href":"https:\/\/paulrivera.it\/pt-pt\/wp-json\/wp\/v2\/product_cat?post=15513"},{"taxonomy":"product_tag","embeddable":true,"href":"https:\/\/paulrivera.it\/pt-pt\/wp-json\/wp\/v2\/product_tag?post=15513"}],"curies":[{"name":"wp","href":"https:\/\/api.w.org\/{rel}","templated":true}]}}

SENSES &#8211; Loção tónica suavizante

<p class="p1"><b>Loção tónica suavizante, com mistura de óleos essenciais, para o couro cabeludo. </b>Dá uma sensação de frescura ao couro cabeludo e ajuda a reduzir a irritação causada pelos tratamentos químicos (colorações e permanentes). Para utilizar com as <b>colorações Optica, Irida, Crystalia e Spherica. </b></p>
<p class="p1">Utilização profissional. Uso externo.</p>
<p class="p1">Formato 50 ml</p>
<p>&nbsp;</p>
[maxbutton id="6"]

<!-- This site is optimized with the Yoast SEO plugin v27.2 - https://yoast.com/product/yoast-seo-wordpress/ -->
<title>SENSES - Loção tónica suavizante</title>
<meta name="description" content="Loção tónica suavizante, com mistura de óleos essenciais, para o couro cabeludo." />
<meta name="robots" content="index, follow, max-snippet:-1, max-image-preview:large, max-video-preview:-1" />
<link rel="canonical" href="https://paulrivera.it/pt-pt/prodotti/coloracao/senses-locao-tonica-suavizante/" />
<meta property="og:locale" content="pt_PT" />
<meta property="og:type" content="article" />
<meta property="og:title" content="SENSES - Loção tónica suavizante" />
<meta property="og:description" content="Loção tónica suavizante, com mistura de óleos essenciais, para o couro cabeludo." />
<meta property="og:url" content="https://paulrivera.it/pt-pt/prodotti/coloracao/senses-locao-tonica-suavizante/" />
<meta property="og:site_name" content="Paul Rivera" />
<meta property="article:modified_time" content="2025-07-24T09:23:19+00:00" />
<meta property="og:image" content="https://paulrivera.it/wp-content/uploads/2025/07/605351_paul_rivera_senses_50ml.png" />
	<meta property="og:image:width" content="800" />
	<meta property="og:image:height" content="800" />
	<meta property="og:image:type" content="image/png" />
<meta name="twitter:card" content="summary_large_image" />
<meta name="twitter:label1" content="Est. reading time" />
	<meta name="twitter:data1" content="1 minute" />
<script type="application/ld+json" class="yoast-schema-graph">{"@context":"https://schema.org","@graph":[{"@type":"WebPage","@id":"https://paulrivera.it/pt-pt/prodotti/coloracao/senses-locao-tonica-suavizante/","url":"https://paulrivera.it/pt-pt/prodotti/coloracao/senses-locao-tonica-suavizante/","name":"SENSES - Loção tónica suavizante","isPartOf":{"@id":"https://paulrivera.it/pt-pt/#website"},"primaryImageOfPage":{"@id":"https://paulrivera.it/pt-pt/prodotti/coloracao/senses-locao-tonica-suavizante/#primaryimage"},"image":{"@id":"https://paulrivera.it/pt-pt/prodotti/coloracao/senses-locao-tonica-suavizante/#primaryimage"},"thumbnailUrl":"https://paulrivera.it/wp-content/uploads/2025/07/605351_paul_rivera_senses_50ml.png","datePublished":"2025-06-25T10:01:47+00:00","dateModified":"2025-07-24T09:23:19+00:00","description":"Loção tónica suavizante, com mistura de óleos essenciais, para o couro cabeludo.","breadcrumb":{"@id":"https://paulrivera.it/pt-pt/prodotti/coloracao/senses-locao-tonica-suavizante/#breadcrumb"},"inLanguage":"pt-PT","potentialAction":[{"@type":"ReadAction","target":["https://paulrivera.it/pt-pt/prodotti/coloracao/senses-locao-tonica-suavizante/"]}]},{"@type":"ImageObject","inLanguage":"pt-PT","@id":"https://paulrivera.it/pt-pt/prodotti/coloracao/senses-locao-tonica-suavizante/#primaryimage","url":"https://paulrivera.it/wp-content/uploads/2025/07/605351_paul_rivera_senses_50ml.png","contentUrl":"https://paulrivera.it/wp-content/uploads/2025/07/605351_paul_rivera_senses_50ml.png","width":800,"height":800,"caption":"Senses - Lozione tonica addolcente"},{"@type":"BreadcrumbList","@id":"https://paulrivera.it/pt-pt/prodotti/coloracao/senses-locao-tonica-suavizante/#breadcrumb","itemListElement":[{"@type":"ListItem","position":1,"name":"Home","item":"https://paulrivera.it/pt-pt/"},{"@type":"ListItem","position":2,"name":"Pagina shop","item":"https://paulrivera.it/prodotti/"},{"@type":"ListItem","position":3,"name":"SENSES &#8211; Loção tónica suavizante"}]},{"@type":"WebSite","@id":"https://paulrivera.it/pt-pt/#website","url":"https://paulrivera.it/pt-pt/","name":"Paul Rivera","description":"Hair Beauty Celebration","publisher":{"@id":"https://paulrivera.it/pt-pt/#organization"},"potentialAction":[{"@type":"SearchAction","target":{"@type":"EntryPoint","urlTemplate":"https://paulrivera.it/pt-pt/?s={search_term_string}"},"query-input":{"@type":"PropertyValueSpecification","valueRequired":true,"valueName":"search_term_string"}}],"inLanguage":"pt-PT"},{"@type":"Organization","@id":"https://paulrivera.it/pt-pt/#organization","name":"Paul Rivera","url":"https://paulrivera.it/pt-pt/","logo":{"@type":"ImageObject","inLanguage":"pt-PT","@id":"https://paulrivera.it/pt-pt/#/schema/logo/image/","url":"https://paulrivera.it/wp-content/uploads/2020/02/paul_rivera_logo_header_x2.png","contentUrl":"https://paulrivera.it/wp-content/uploads/2020/02/paul_rivera_logo_header_x2.png","width":470,"height":60,"caption":"Paul Rivera"},"image":{"@id":"https://paulrivera.it/pt-pt/#/schema/logo/image/"}}]}</script>
<!-- / Yoast SEO plugin. -->

SENSES - Loção tónica suavizante

Loção tónica suavizante, com mistura de óleos essenciais, para o couro cabeludo.
